{"id":94,"date":"2015-02-18T14:07:38","date_gmt":"2015-02-18T14:07:38","guid":{"rendered":"http:\/\/www.xn--gurkenknig-kcb.ch\/?page_id=94"},"modified":"2020-02-20T18:57:26","modified_gmt":"2020-02-20T18:57:26","slug":"nicht-nur-eine-gurke","status":"publish","type":"page","link":"http:\/\/www.xn--gurkenknig-kcb.ch\/?page_id=94","title":{"rendered":"Nicht &#8222;nur&#8220; eine Gurke &#038; Kraut&#8230; Kreationen &#038; Rezepte"},"content":{"rendered":"<h3>Die <span style=\"color: #000000;\"><strong>&#8222;Gurke&#8220;<\/strong><\/span> an sich war den V\u00f6lkern der Antike nicht unbekannt. Beweise zeigen, dass im alten \u00c4gypten Gurken bereits angebaut wurden, das bezeugen alte Tempelfresken. Auch die alten R\u00f6mer kannten die Gurke. Ausserdem wurden bei ihnen schon Pflanzen in Gl\u00e4sern herangez\u00fcchtet. Aber erst um 1600 kam die Gurke in den Spreewald, wo Slawische V\u00f6lker die als erste die Milchs\u00e4ureg\u00e4rung durchgef\u00fchrt und somit die Guken eingelegt haben sollen. Ein Berliner Schriftsteller und approbierter Apotheker machte einst die Feststellung, die Spreewaldgurke stehe an der Spitze der landwirtschaftlichen Produkte im Spreewald. Theodor Fontane hatte auch einen guten Grund das zu behaupten, denn die feuchten humusreichen B\u00f6den und das Klima im Spreewald unterst\u00fctzen das Wachstum der Gurken. Der spezielle Geschmack der Spreewaldgurken resultiert aus ihrer Verarbeitungsform und den beigef\u00fcgten Gew\u00fcrzen. Nach dem Ende der DDR 1990, war die Spreewaldgurke eines der wenigen DDR-Produkte, die ohne Unterbrechung weiter erh\u00e4ltlich waren. Denn die Gurken des Spreewaldes sind, und das mit Recht, einfach delikat und sogar noch sehr gesund.<\/h3>\n<h3><strong><span style=\"color: #000000;\"><a href=\"http:\/\/www.xn--gurkenknig-kcb.ch\/wp-content\/uploads\/2015\/02\/100_6012-e1433749997801.jpg\"><img loading=\"lazy\" decoding=\"async\" class=\"alignleft size-medium wp-image-254\" src=\"http:\/\/www.xn--gurkenknig-kcb.ch\/wp-content\/uploads\/2015\/02\/100_6012-115x300.jpg\" alt=\"100_6012\" width=\"115\" height=\"300\" \/><\/a>Sauerkraut<\/span><\/strong> ist ein perfektes Naturprodukt. <span style=\"text-decoration: underline;\"><span style=\"color: #808000; text-decoration: underline;\"><a style=\"color: #808000; text-decoration: underline;\" href=\"http:\/\/www.zentrum-der-gesundheit.de\/sauerkraut.html\">so gesund ist Sauerkraut<\/a><\/span><\/span>\u00a0Die heilende Wirkung wusste bereits der\u00a0griechische Arzt Hippokrates im vierten Jahrhundert vor Christus zu sch\u00e4tzen.\u00a0\u00a0 Warum? Nun Sauerkraut besteht aus Weisskohl. Dieser wird in feine Streifen geschnitten und gestampft, so lange, bis der ausgetretene Saft das Gem\u00fcse vollst\u00e4ndig bedeckt. Unter Zugabe von Salz verwandeln Milchs\u00e4urebakterien das Gem\u00fcse in einem nat\u00fcrlichen G\u00e4rprozess in Sauerkraut. Diese Bakterien stammen von der Oberfl\u00e4che der Kohlstreifen und aus der Luft. <strong>Rohes Sauerkraut mit lebenden Milchs\u00e4urebakterien gibt es bei uns frisch und direkt aus dem Fass, deshalb ist es besonders knackig und mit Biss.<\/strong> Frisches Sauerkraut ist sogar megagesund. Es hilft unter anderem bei folgenden Leiden: &#8211; Verstopfung &#8211; &#8211; Abwehrschw\u00e4che &#8211; &#8211; Magen-Darm-Beschwerden &#8211; &#8211; Magen-Darm-Geschw\u00fcre &#8211; &#8211; Vitamin-C-Mangel &#8211; &#8211; Gewebs\u00fcbers\u00e4uerung (z. B. bei Rheuma und Gicht) &#8211; &#8211; erh\u00f6hte Blutzucker- und Blutfettwerte &#8211; Eine Sauerkrautkur ist besonders ratsam zur Abwehrst\u00e4rkung und zur Darmreinigung. Ein kleiner Tipp: Essen Sie drei bis vier Wochen lang vormittags und nachmittags je 100 bis 200 Gramm frisches Sauerkraut. Geniessen Sie das Sauerkraut zu jeder Jahreszeit, Ihr K\u00f6rper wird es Ihnen danken.<\/h3>\n<h1><span style=\"color: #000000;\"><strong>Sauerkraut Rezepte\u00a0\u00a0\u00a0\u00a0\u00a0\u00a0\u00a0\u00a0\u00a0\u00a0\u00a0\u00a0\u00a0\u00a0\u00a0\u00a0\u00a0\u00a0\u00a0\u00a0\u00a0\u00a0\u00a0\u00a0\u00a0<\/strong><\/span><\/h1>\n<h2><span style=\"color: #993300;\">Der Gurkenk\u00f6nig empfiehlt:<\/span><\/h2>\n<h3><span style=\"color: #993300;\"><em>Sauerkrautsalat f\u00fcr 2 Personen: 300g Sauerkraut mit frisch gemahlenem Pfeffer und kaltgepressten Lein\u00f6l luftig vermischen, bei Bedarf K\u00fcmmel dazugeben, er verhindert Bl\u00e4hungen, nach Belieben mit feinen Kr\u00e4utern abschmecken &#8211; fertig ist die nat\u00fcrliche Vitaminbombe &#8230;<\/em><\/span><\/h3>\n<h3 style=\"text-align: center;\"><span style=\"color: #808000;\">hier: <\/span><span style=\"text-decoration: underline;\"><span style=\"color: #808000; text-decoration: underline;\"><a style=\"color: #808000; text-decoration: underline;\" href=\"http:\/\/eatsmarter.de\/rezepte\/zutaten\/sauerkraut-Rezepte\">leckere Rezept-Vorschl\u00e4ge<\/a><\/span><\/span><\/h3>\n<p>&nbsp;<\/p>\n<h3><\/h3>\n<h3><\/h3>\n<h3><span style=\"color: #000000;\"><strong><img loading=\"lazy\" decoding=\"async\" class=\"photo aligncenter\" title=\"Rezept: Gebratenes Sauerkraut\" src=\"http:\/\/images.eatsmarter.de\/sites\/default\/files\/styles\/576x432\/public\/images\/76b\/d2d\/scsa_7098.jpg\" alt=\"Rezept: Gebratenes Sauerkraut\" width=\"227\" height=\"170\" data-big=\"http:\/\/images.eatsmarter.de\/sites\/default\/files\/styles\/1024x768\/public\/images\/76b\/d2d\/scsa_7098.jpg\" \/><\/strong><\/span><\/h3>\n<p><img decoding=\"async\" class=\" aligncenter\" title=\"\" src=\"http:\/\/images.eatsmarter.de\/sites\/default\/files\/styles\/200x150\/public\/images\/e4c\/086\/00222581.jpg\" srcset=\"http:\/\/images.eatsmarter.de\/sites\/default\/files\/styles\/450x338\/public\/images\/e4c\/086\/00222581.jpg 450w\" alt=\"\" \/><\/p>\n<h2><\/h2>\n<h1><\/h1>\n<h1><\/h1>\n<h1><\/h1>\n<h1><span style=\"color: #000000;\"><strong>Unsere Kreationen<\/strong><\/span><\/h1>\n<p><a href=\"http:\/\/www.xn--gurkenknig-kcb.ch\/wp-content\/uploads\/2015\/02\/100_6015.jpg\"><img loading=\"lazy\" decoding=\"async\" class=\"alignleft size-medium wp-image-248\" src=\"http:\/\/www.xn--gurkenknig-kcb.ch\/wp-content\/uploads\/2015\/02\/100_6015-300x225.jpg\" alt=\"100_6015\" width=\"300\" height=\"225\" srcset=\"http:\/\/www.xn--gurkenknig-kcb.ch\/wp-content\/uploads\/2015\/02\/100_6015-300x225.jpg 300w, http:\/\/www.xn--gurkenknig-kcb.ch\/wp-content\/uploads\/2015\/02\/100_6015-1024x768.jpg 1024w, http:\/\/www.xn--gurkenknig-kcb.ch\/wp-content\/uploads\/2015\/02\/100_6015-1140x855.jpg 1140w\" sizes=\"auto, (max-width: 300px) 100vw, 300px\" \/><\/a><\/p>\n<p>&nbsp;<\/p>\n<p><span style=\"color: #993300;\">Die Gew\u00fcrzgurke in verschiedenen Geschmacksvarianten. Wie zum Beispiel Pfeffer, Knoblauch und Chili. Bestens geeignet als Gem\u00fcsebeilage f\u00fcr Raclette-Abende &amp; Grillierpartys.<\/span><\/p>\n<p>&nbsp;<\/p>\n<p>&nbsp;<\/p>\n<p><a href=\"http:\/\/www.xn--gurkenknig-kcb.ch\/wp-content\/uploads\/2015\/02\/20150127_1544262.jpg\"><img loading=\"lazy\" decoding=\"async\" class=\"alignleft size-medium wp-image-249\" src=\"http:\/\/www.xn--gurkenknig-kcb.ch\/wp-content\/uploads\/2015\/02\/20150127_1544262-300x225.jpg\" alt=\"20150127_154426\" width=\"300\" height=\"225\" srcset=\"http:\/\/www.xn--gurkenknig-kcb.ch\/wp-content\/uploads\/2015\/02\/20150127_1544262-300x225.jpg 300w, http:\/\/www.xn--gurkenknig-kcb.ch\/wp-content\/uploads\/2015\/02\/20150127_1544262-1024x768.jpg 1024w, http:\/\/www.xn--gurkenknig-kcb.ch\/wp-content\/uploads\/2015\/02\/20150127_1544262-1140x855.jpg 1140w\" sizes=\"auto, (max-width: 300px) 100vw, 300px\" \/><\/a><\/p>\n<p>&nbsp;<\/p>\n<p>&nbsp;<\/p>\n<p><span style=\"color: #993300;\">Originale Senfgurke, einzigartig im Geschmack und speziell daf\u00fcr angebaut.<\/span><\/p>\n<p>&nbsp;<\/p>\n<p><a href=\"http:\/\/www.xn--gurkenknig-kcb.ch\/wp-content\/uploads\/2015\/02\/20150127_1548241.jpg\"><img loading=\"lazy\" decoding=\"async\" class=\"alignleft size-medium wp-image-250\" src=\"http:\/\/www.xn--gurkenknig-kcb.ch\/wp-content\/uploads\/2015\/02\/20150127_1548241-300x266.jpg\" alt=\"20150127_154824\" width=\"300\" height=\"266\" srcset=\"http:\/\/www.xn--gurkenknig-kcb.ch\/wp-content\/uploads\/2015\/02\/20150127_1548241-300x266.jpg 300w, http:\/\/www.xn--gurkenknig-kcb.ch\/wp-content\/uploads\/2015\/02\/20150127_1548241-1024x909.jpg 1024w, http:\/\/www.xn--gurkenknig-kcb.ch\/wp-content\/uploads\/2015\/02\/20150127_1548241-1126x1000.jpg 1126w\" sizes=\"auto, (max-width: 300px) 100vw, 300px\" \/><\/a><\/p>\n<p>&nbsp;<\/p>\n<p>&nbsp;<\/p>\n<p>&nbsp;<\/p>\n<p><span style=\"color: #993300;\">Der perfekte Gurkenmix, ein &#8222;HIGHLIGHT&#8220; &#8211; f\u00fcr jede Party!<span class=\"Apple-converted-space\">\u00a0<\/span><\/span><\/p>\n<p>&nbsp;<\/p>\n<p>&nbsp;<\/p>\n<p>&nbsp;<\/p>\n<p><a href=\"http:\/\/www.xn--gurkenknig-kcb.ch\/wp-content\/uploads\/2015\/02\/4-Kopie1.jpg\"><img loading=\"lazy\" decoding=\"async\" class=\"alignleft size-medium wp-image-245\" src=\"http:\/\/www.xn--gurkenknig-kcb.ch\/wp-content\/uploads\/2015\/02\/4-Kopie1-300x245.jpg\" alt=\"4 - Kopie\" width=\"300\" height=\"245\" srcset=\"http:\/\/www.xn--gurkenknig-kcb.ch\/wp-content\/uploads\/2015\/02\/4-Kopie1-300x245.jpg 300w, http:\/\/www.xn--gurkenknig-kcb.ch\/wp-content\/uploads\/2015\/02\/4-Kopie1-1024x835.jpg 1024w, http:\/\/www.xn--gurkenknig-kcb.ch\/wp-content\/uploads\/2015\/02\/4-Kopie1-1140x930.jpg 1140w\" sizes=\"auto, (max-width: 300px) 100vw, 300px\" \/><\/a><\/p>\n<p>&nbsp;<\/p>\n<p>&nbsp;<\/p>\n<p>&nbsp;<\/p>\n<p><span style=\"color: #993300;\">Die Honiggurke &#8211; f\u00fcr alle die es s\u00fcss und herzhaft m\u00f6gen!<span class=\"Apple-converted-space\">\u00a0<\/span><\/span><\/p>\n<p>&nbsp;<\/p>\n<p>&nbsp;<\/p>\n<p>&nbsp;<\/p>\n<p><a href=\"http:\/\/www.xn--gurkenknig-kcb.ch\/wp-content\/uploads\/2015\/02\/60x60-Salz-Kopie1.jpg\"><img loading=\"lazy\" decoding=\"async\" class=\"alignleft size-medium wp-image-247\" src=\"http:\/\/www.xn--gurkenknig-kcb.ch\/wp-content\/uploads\/2015\/02\/60x60-Salz-Kopie1-300x300.jpg\" alt=\"60x60 Salz - Kopie\" width=\"300\" height=\"300\" srcset=\"http:\/\/www.xn--gurkenknig-kcb.ch\/wp-content\/uploads\/2015\/02\/60x60-Salz-Kopie1-300x300.jpg 300w, http:\/\/www.xn--gurkenknig-kcb.ch\/wp-content\/uploads\/2015\/02\/60x60-Salz-Kopie1-150x150.jpg 150w, http:\/\/www.xn--gurkenknig-kcb.ch\/wp-content\/uploads\/2015\/02\/60x60-Salz-Kopie1-1021x1024.jpg 1021w, http:\/\/www.xn--gurkenknig-kcb.ch\/wp-content\/uploads\/2015\/02\/60x60-Salz-Kopie1-997x1000.jpg 997w\" sizes=\"auto, (max-width: 300px) 100vw, 300px\" \/><\/a><\/p>\n<p>&nbsp;<\/p>\n<p>&nbsp;<\/p>\n<p><span style=\"color: #993300;\">Eingelegte Salzgurke, wie aus Oma\u00b4s Gurkentopf.<span class=\"Apple-converted-space\">\u00a0<\/span><\/span><\/p>\n<p>&nbsp;<\/p>\n<p>&nbsp;<\/p>\n<p>&nbsp;<\/p>\n<p>&nbsp;<\/p>\n<p><a href=\"http:\/\/www.xn--gurkenknig-kcb.ch\/wp-content\/uploads\/2015\/02\/Br\u00fchgurken-Kopie.jpg\"><img loading=\"lazy\" decoding=\"async\" class=\"alignleft size-medium wp-image-347\" src=\"http:\/\/www.xn--gurkenknig-kcb.ch\/wp-content\/uploads\/2015\/02\/Br\u00fchgurken-Kopie-300x225.jpg\" alt=\"Br\u00fchgurken - Kopie\" width=\"300\" height=\"225\" srcset=\"http:\/\/www.xn--gurkenknig-kcb.ch\/wp-content\/uploads\/2015\/02\/Br\u00fchgurken-Kopie-300x225.jpg 300w, http:\/\/www.xn--gurkenknig-kcb.ch\/wp-content\/uploads\/2015\/02\/Br\u00fchgurken-Kopie-1024x768.jpg 1024w, http:\/\/www.xn--gurkenknig-kcb.ch\/wp-content\/uploads\/2015\/02\/Br\u00fchgurken-Kopie-1140x855.jpg 1140w\" sizes=\"auto, (max-width: 300px) 100vw, 300px\" \/><br \/>\n<\/a><\/p>\n<p><span style=\"color: #993300;\">Die Br\u00fchgurke (Saisonware) sehr mild im Geschmack!<\/span><\/p>\n","protected":false},"excerpt":{"rendered":"<p>Die &#8222;Gurke&#8220; an sich war den V\u00f6lkern der Antike nicht unbekannt. Beweise zeigen, dass im alten \u00c4gypten Gurken bereits angebaut wurden, das bezeugen alte Tempelfresken. Auch die alten R\u00f6mer kannten die Gurke. Ausserdem wurden bei ihnen schon Pflanzen in Gl\u00e4sern herangez\u00fcchtet. Aber erst um 1600 kam die Gurke in den Spreewald, wo Slawische V\u00f6lker die [&hellip;]<\/p>\n","protected":false},"author":1,"featured_media":83,"parent":0,"menu_order":0,"comment_status":"open","ping_status":"open","template":"menu-page.php","meta":{"footnotes":""},"class_list":["post-94","page","type-page","status-publish","has-post-thumbnail","hentry"],"_links":{"self":[{"href":"http:\/\/www.xn--gurkenknig-kcb.ch\/index.php?rest_route=\/wp\/v2\/pages\/94","targetHints":{"allow":["GET"]}}],"collection":[{"href":"http:\/\/www.xn--gurkenknig-kcb.ch\/index.php?rest_route=\/wp\/v2\/pages"}],"about":[{"href":"http:\/\/www.xn--gurkenknig-kcb.ch\/index.php?rest_route=\/wp\/v2\/types\/page"}],"author":[{"embeddable":true,"href":"http:\/\/www.xn--gurkenknig-kcb.ch\/index.php?rest_route=\/wp\/v2\/users\/1"}],"replies":[{"embeddable":true,"href":"http:\/\/www.xn--gurkenknig-kcb.ch\/index.php?rest_route=%2Fwp%2Fv2%2Fcomments&post=94"}],"version-history":[{"count":56,"href":"http:\/\/www.xn--gurkenknig-kcb.ch\/index.php?rest_route=\/wp\/v2\/pages\/94\/revisions"}],"predecessor-version":[{"id":1341,"href":"http:\/\/www.xn--gurkenknig-kcb.ch\/index.php?rest_route=\/wp\/v2\/pages\/94\/revisions\/1341"}],"wp:featuredmedia":[{"embeddable":true,"href":"http:\/\/www.xn--gurkenknig-kcb.ch\/index.php?rest_route=\/wp\/v2\/media\/83"}],"wp:attachment":[{"href":"http:\/\/www.xn--gurkenknig-kcb.ch\/index.php?rest_route=%2Fwp%2Fv2%2Fmedia&parent=94"}],"curies":[{"name":"wp","href":"https:\/\/api.w.org\/{rel}","templated":true}]}}