{"id":74,"date":"2015-02-18T12:35:50","date_gmt":"2015-02-18T12:35:50","guid":{"rendered":"http:\/\/www.xn--gurkenknig-kcb.ch\/?page_id=74"},"modified":"2020-10-25T13:37:13","modified_gmt":"2020-10-25T13:37:13","slug":"der-gurkenkoenig-on-tour","status":"publish","type":"page","link":"http:\/\/www.xn--gurkenknig-kcb.ch\/?page_id=74","title":{"rendered":"Hier erhalten Sie die besten Gurken und mehr&#8230;"},"content":{"rendered":"<p><strong>FRISCHE FASSWARE:<\/strong><\/p>\n<ul>\n<li>Sauerkraut (milchsauer, probiotisch)<\/li>\n<li>Salz-Dillgurken (milchsauer, probiotisch)<\/li>\n<li>Gew\u00fcrzgurken (Essig)<\/li>\n<li>Knoblauchgurken (Essig)<\/li>\n<li>Pfeffergurken (Essig)<\/li>\n<li>Chiligurken (Essig)<\/li>\n<li>Senfgurken\/Senfgurken mit Meerrettich (Essig)<\/li>\n<\/ul>\n<h4 style=\"text-align: justify;\"><strong><span style=\"color: #000000;\"><span style=\"text-decoration: underline;\">W\u00f6chentliche Highlights der Woche im Wechsel<\/span><\/span><\/strong><\/h4>\n<ul>\n<li>Curry-Curcuma Gurke<\/li>\n<li>Ingwer-Honig Gurke<\/li>\n<li>Gr\u00fcne-Curry-Honig\u00a0Gurke<\/li>\n<li>Randensalat<\/li>\n<li>Rotchabissalat<\/li>\n<li>Sweet-Cayenne Gurke<\/li>\n<li>Br\u00fchgurken<\/li>\n<li>Honiggurken<\/li>\n<\/ul>\n<p><strong>Ausserdem:<\/strong><\/p>\n<p><span style=\"color: #ff0000;\"><span style=\"color: #0000ff;\">Ingwers\u00e4fte handgemacht, <\/span>Perlzwiebeln in Balsamicoessig,<\/span> <span style=\"color: #ff9900;\">Sanddornsaft naturrein<\/span>\u00a0in 200 ml oder 750 ml, Sandddornkonfi,\u00a0neu Bio-Apfelessig handgemacht<\/p>\n<p><span style=\"color: #339966;\">\u00a0<\/span><\/p>\n<p>&nbsp;<\/p>\n<p>&nbsp;<\/p>\n<p>&nbsp;<\/p>\n<h1><strong>Unsere Kreationen<\/strong><\/h1>\n<p><a href=\"http:\/\/www.gurkenk\u00f6nig.ch\/wp-content\/uploads\/2015\/02\/100_6015.jpg\"><img loading=\"lazy\" decoding=\"async\" class=\"alignleft size-medium wp-image-248\" src=\"http:\/\/www.gurkenk\u00f6nig.ch\/wp-content\/uploads\/2015\/02\/100_6015-300x225.jpg\" alt=\"100_6015\" width=\"300\" height=\"225\" srcset=\"http:\/\/www.xn--gurkenknig-kcb.ch\/wp-content\/uploads\/2015\/02\/100_6015-300x225.jpg 300w, http:\/\/www.xn--gurkenknig-kcb.ch\/wp-content\/uploads\/2015\/02\/100_6015-1024x768.jpg 1024w, http:\/\/www.xn--gurkenknig-kcb.ch\/wp-content\/uploads\/2015\/02\/100_6015-1140x855.jpg 1140w\" sizes=\"auto, (max-width: 300px) 100vw, 300px\" \/><\/a><\/p>\n<p>&nbsp;<\/p>\n<p>Die Gew\u00fcrzgurke in verschiedenen Geschmacksvarianten. Wie zum Beispiel Pfeffer, Knoblauch und Chili. Bestens geeignet als Gem\u00fcsebeilage f\u00fcr Raclette-Abende &amp; Grillierpartys.<\/p>\n<p>&nbsp;<\/p>\n<p>&nbsp;<\/p>\n<p><a href=\"http:\/\/www.gurkenk\u00f6nig.ch\/wp-content\/uploads\/2015\/02\/20150127_1544262.jpg\"><img loading=\"lazy\" decoding=\"async\" class=\"alignleft size-medium wp-image-249\" src=\"http:\/\/www.gurkenk\u00f6nig.ch\/wp-content\/uploads\/2015\/02\/20150127_1544262-300x225.jpg\" alt=\"20150127_154426\" width=\"300\" height=\"225\" srcset=\"http:\/\/www.xn--gurkenknig-kcb.ch\/wp-content\/uploads\/2015\/02\/20150127_1544262-300x225.jpg 300w, http:\/\/www.xn--gurkenknig-kcb.ch\/wp-content\/uploads\/2015\/02\/20150127_1544262-1024x768.jpg 1024w, http:\/\/www.xn--gurkenknig-kcb.ch\/wp-content\/uploads\/2015\/02\/20150127_1544262-1140x855.jpg 1140w\" sizes=\"auto, (max-width: 300px) 100vw, 300px\" \/><\/a><\/p>\n<p>&nbsp;<\/p>\n<p>&nbsp;<\/p>\n<p>Originale Senfgurke, einzigartig im Geschmack und speziell daf\u00fcr angebaut.<\/p>\n<p>&nbsp;<\/p>\n<p><a href=\"http:\/\/www.gurkenk\u00f6nig.ch\/wp-content\/uploads\/2015\/02\/20150127_1548241.jpg\"><img loading=\"lazy\" decoding=\"async\" class=\"alignleft size-medium wp-image-250\" src=\"http:\/\/www.gurkenk\u00f6nig.ch\/wp-content\/uploads\/2015\/02\/20150127_1548241-300x266.jpg\" alt=\"20150127_154824\" width=\"300\" height=\"266\" srcset=\"http:\/\/www.xn--gurkenknig-kcb.ch\/wp-content\/uploads\/2015\/02\/20150127_1548241-300x266.jpg 300w, http:\/\/www.xn--gurkenknig-kcb.ch\/wp-content\/uploads\/2015\/02\/20150127_1548241-1024x909.jpg 1024w, http:\/\/www.xn--gurkenknig-kcb.ch\/wp-content\/uploads\/2015\/02\/20150127_1548241-1126x1000.jpg 1126w\" sizes=\"auto, (max-width: 300px) 100vw, 300px\" \/><\/a><\/p>\n<p>&nbsp;<\/p>\n<p>&nbsp;<\/p>\n<p>&nbsp;<\/p>\n<p>Der perfekte Gurkenmix, ein \u201cHIGHLIGHT\u201d \u2013 f\u00fcr jede Party!<span class=\"Apple-converted-space\">\u00a0<\/span><\/p>\n<p>&nbsp;<\/p>\n<p>&nbsp;<\/p>\n<p>&nbsp;<\/p>\n<p><a href=\"http:\/\/www.gurkenk\u00f6nig.ch\/wp-content\/uploads\/2015\/02\/4-Kopie1.jpg\"><img loading=\"lazy\" decoding=\"async\" class=\"alignleft size-medium wp-image-245\" src=\"http:\/\/www.gurkenk\u00f6nig.ch\/wp-content\/uploads\/2015\/02\/4-Kopie1-300x245.jpg\" alt=\"4 - Kopie\" width=\"300\" height=\"245\" srcset=\"http:\/\/www.xn--gurkenknig-kcb.ch\/wp-content\/uploads\/2015\/02\/4-Kopie1-300x245.jpg 300w, http:\/\/www.xn--gurkenknig-kcb.ch\/wp-content\/uploads\/2015\/02\/4-Kopie1-1024x835.jpg 1024w, http:\/\/www.xn--gurkenknig-kcb.ch\/wp-content\/uploads\/2015\/02\/4-Kopie1-1140x930.jpg 1140w\" sizes=\"auto, (max-width: 300px) 100vw, 300px\" \/><\/a><\/p>\n<p>&nbsp;<\/p>\n<p>&nbsp;<\/p>\n<p>&nbsp;<\/p>\n<p>Die Honiggurke \u2013 f\u00fcr alle die es s\u00fcss und herzhaft m\u00f6gen!<span class=\"Apple-converted-space\">\u00a0<\/span><\/p>\n<p>&nbsp;<\/p>\n<p>&nbsp;<\/p>\n<p>&nbsp;<\/p>\n<p><a href=\"http:\/\/www.gurkenk\u00f6nig.ch\/wp-content\/uploads\/2015\/02\/60x60-Salz-Kopie1.jpg\"><img loading=\"lazy\" decoding=\"async\" class=\"alignleft size-medium wp-image-247\" src=\"http:\/\/www.gurkenk\u00f6nig.ch\/wp-content\/uploads\/2015\/02\/60x60-Salz-Kopie1-300x300.jpg\" alt=\"60x60 Salz - Kopie\" width=\"300\" height=\"300\" srcset=\"http:\/\/www.xn--gurkenknig-kcb.ch\/wp-content\/uploads\/2015\/02\/60x60-Salz-Kopie1-300x300.jpg 300w, http:\/\/www.xn--gurkenknig-kcb.ch\/wp-content\/uploads\/2015\/02\/60x60-Salz-Kopie1-150x150.jpg 150w, http:\/\/www.xn--gurkenknig-kcb.ch\/wp-content\/uploads\/2015\/02\/60x60-Salz-Kopie1-1021x1024.jpg 1021w, http:\/\/www.xn--gurkenknig-kcb.ch\/wp-content\/uploads\/2015\/02\/60x60-Salz-Kopie1-997x1000.jpg 997w\" sizes=\"auto, (max-width: 300px) 100vw, 300px\" \/><\/a><\/p>\n<p>&nbsp;<\/p>\n<p>&nbsp;<\/p>\n<p>Eingelegte Salzgurke, wie aus Oma\u00b4s Gurkentopf.<span class=\"Apple-converted-space\">\u00a0<\/span><\/p>\n<p>&nbsp;<\/p>\n<p>&nbsp;<\/p>\n<p>&nbsp;<\/p>\n<p>&nbsp;<\/p>\n<p>&nbsp;<\/p>\n<p>&nbsp;<\/p>\n<p>&nbsp;<\/p>\n<p>&nbsp;<\/p>\n<p>&nbsp;<\/p>\n<p><span style=\"color: #ff0000;\"><strong>\u00a0<\/strong><\/span><\/p>\n<h4><span style=\"text-decoration: underline;\"><strong>Marktzeiten:<\/strong><\/span><\/h4>\n<h3><strong>Dienstag:\u00a0\u00a0\u00a0\u00a0\u00a0\u00a0\u00a0\u00a0\u00a0 7-13 Uhr Reussmarkt, Luzern<\/strong><\/h3>\n<h3><strong>Freitag:\u00a0\u00a0\u00a0\u00a0\u00a0\u00a0\u00a0\u00a0\u00a0\u00a0\u00a0\u00a0 7-11 Uhr B\u00fcrkliplatz, Z\u00fcrich<\/strong><\/h3>\n<h2><strong>Samstag:\u00a0\u00a0\u00a0\u00a0\u00a0\u00a0\u00a07-12 Uhr Marktplatz, Z\u00fcrich-Oerlikon,<\/strong><\/h2>\n<h3 style=\"text-align: center;\"><em>\u00a0\u00a0\u00a0\u00a0\u00a0\u00a0\u00a0\u00a0\u00a0\u00a0\u00a0\u00a0\u00a0\u00a0\u00a0\u00a0\u00a0\u00a0\u00a0\u00a0\u00a0\u00a0\u00a0\u00a0\u00a0\u00a0\u00a0\u00a0\u00a0\u00a0\u00a0\u00a0\u00a0\u00a0\u00a0\u00a0\u00a0\u00a0\u00a0\u00a0\u00a0\u00a0\u00a0\u00a0\u00a0\u00a0\u00a0\u00a0\u00a0\u00a0\u00a0\u00a0\u00a0\u00a0\u00a0\u00a0\u00a0\u00a0\u00a0\u00a0\u00a0\u00a0\u00a0\u00a0\u00a0\u00a0\u00a0\u00a0\u00a0\u00a0\u00a0\u00a0\u00a0\u00a0\u00a0\u00a0\u00a0\u00a0\u00a0\u00a0\u00a0\u00a0 \u00a0<strong>Wir freuen uns auf Ihren Besuch<\/strong><\/em><\/h3>\n<p>&nbsp;<\/p>\n<p><em>\u00a0\u00a0\u00a0\u00a0\u00a0 freudiger Kunde aus Berlin\u00a0\u00a0\u00a0\u00a0\u00a0\u00a0\u00a0\u00a0\u00a0Knoblauchgurkenfan aus Kanada<\/em><\/p>\n<p><a href=\"http:\/\/www.xn--gurkenknig-kcb.ch\/wp-content\/uploads\/2015\/02\/20150415_105036-Kopie-e1440531804508.jpg\"><img loading=\"lazy\" decoding=\"async\" class=\"alignleft size-medium wp-image-329\" src=\"http:\/\/www.xn--gurkenknig-kcb.ch\/wp-content\/uploads\/2015\/02\/20150415_105036-Kopie-e1440531804508-225x300.jpg\" alt=\"20150415_105036 - Kopie\" width=\"225\" height=\"300\" srcset=\"http:\/\/www.xn--gurkenknig-kcb.ch\/wp-content\/uploads\/2015\/02\/20150415_105036-Kopie-e1440531804508-225x300.jpg 225w, http:\/\/www.xn--gurkenknig-kcb.ch\/wp-content\/uploads\/2015\/02\/20150415_105036-Kopie-e1440531804508-768x1024.jpg 768w, http:\/\/www.xn--gurkenknig-kcb.ch\/wp-content\/uploads\/2015\/02\/20150415_105036-Kopie-e1440531804508-750x1000.jpg 750w, http:\/\/www.xn--gurkenknig-kcb.ch\/wp-content\/uploads\/2015\/02\/20150415_105036-Kopie-e1440531804508.jpg 1920w\" sizes=\"auto, (max-width: 225px) 100vw, 225px\" \/><\/a><\/p>\n<p><a href=\"http:\/\/www.xn--gurkenknig-kcb.ch\/wp-content\/uploads\/2015\/02\/20150829_114331.jpg\"><img loading=\"lazy\" decoding=\"async\" class=\"alignleft size-medium wp-image-337\" src=\"http:\/\/www.xn--gurkenknig-kcb.ch\/wp-content\/uploads\/2015\/02\/20150829_114331-169x300.jpg\" alt=\"20150829_114331\" width=\"169\" height=\"300\" srcset=\"http:\/\/www.xn--gurkenknig-kcb.ch\/wp-content\/uploads\/2015\/02\/20150829_114331-169x300.jpg 169w, http:\/\/www.xn--gurkenknig-kcb.ch\/wp-content\/uploads\/2015\/02\/20150829_114331-576x1024.jpg 576w, http:\/\/www.xn--gurkenknig-kcb.ch\/wp-content\/uploads\/2015\/02\/20150829_114331-563x1000.jpg 563w, http:\/\/www.xn--gurkenknig-kcb.ch\/wp-content\/uploads\/2015\/02\/20150829_114331.jpg 720w\" sizes=\"auto, (max-width: 169px) 100vw, 169px\" \/><\/a><\/p>\n<p>&nbsp;<\/p>\n<p>&nbsp;<\/p>\n<p>&nbsp;<\/p>\n<p>&nbsp;<\/p>\n<p>&nbsp;<\/p>\n<p>&nbsp;<\/p>\n<p>&nbsp;<\/p>\n<p>&nbsp;<\/p>\n<p style=\"text-align: left;\">hier macht die Salzgurke beide gl\u00fccklich<\/p>\n<p><a href=\"http:\/\/www.xn--gurkenknig-kcb.ch\/wp-content\/uploads\/2015\/02\/20160405_093719-Kopie.jpg\"><img loading=\"lazy\" decoding=\"async\" class=\"  wp-image-495 alignnone\" src=\"http:\/\/www.xn--gurkenknig-kcb.ch\/wp-content\/uploads\/2015\/02\/20160405_093719-Kopie-300x227.jpg\" alt=\"20160405_093719 - Kopie\" width=\"522\" height=\"395\" srcset=\"http:\/\/www.xn--gurkenknig-kcb.ch\/wp-content\/uploads\/2015\/02\/20160405_093719-Kopie-300x227.jpg 300w, http:\/\/www.xn--gurkenknig-kcb.ch\/wp-content\/uploads\/2015\/02\/20160405_093719-Kopie-1024x773.jpg 1024w, http:\/\/www.xn--gurkenknig-kcb.ch\/wp-content\/uploads\/2015\/02\/20160405_093719-Kopie-1140x861.jpg 1140w, http:\/\/www.xn--gurkenknig-kcb.ch\/wp-content\/uploads\/2015\/02\/20160405_093719-Kopie.jpg 1874w\" sizes=\"auto, (max-width: 522px) 100vw, 522px\" \/><\/a><\/p>\n<p>&nbsp;<\/p>\n","protected":false},"excerpt":{"rendered":"<p>FRISCHE FASSWARE: Sauerkraut (milchsauer, probiotisch) Salz-Dillgurken (milchsauer, probiotisch) Gew\u00fcrzgurken (Essig) Knoblauchgurken (Essig) Pfeffergurken (Essig) Chiligurken (Essig) Senfgurken\/Senfgurken mit Meerrettich (Essig) W\u00f6chentliche Highlights der Woche im Wechsel Curry-Curcuma Gurke Ingwer-Honig Gurke Gr\u00fcne-Curry-Honig\u00a0Gurke Randensalat Rotchabissalat Sweet-Cayenne Gurke Br\u00fchgurken Honiggurken Ausserdem: Ingwers\u00e4fte handgemacht, Perlzwiebeln in Balsamicoessig, Sanddornsaft naturrein\u00a0in 200 ml oder 750 ml, Sandddornkonfi,\u00a0neu Bio-Apfelessig handgemacht \u00a0 &nbsp; [&hellip;]<\/p>\n","protected":false},"author":1,"featured_media":83,"parent":0,"menu_order":0,"comment_status":"open","ping_status":"open","template":"","meta":{"footnotes":""},"class_list":["post-74","page","type-page","status-publish","has-post-thumbnail","hentry"],"_links":{"self":[{"href":"http:\/\/www.xn--gurkenknig-kcb.ch\/index.php?rest_route=\/wp\/v2\/pages\/74","targetHints":{"allow":["GET"]}}],"collection":[{"href":"http:\/\/www.xn--gurkenknig-kcb.ch\/index.php?rest_route=\/wp\/v2\/pages"}],"about":[{"href":"http:\/\/www.xn--gurkenknig-kcb.ch\/index.php?rest_route=\/wp\/v2\/types\/page"}],"author":[{"embeddable":true,"href":"http:\/\/www.xn--gurkenknig-kcb.ch\/index.php?rest_route=\/wp\/v2\/users\/1"}],"replies":[{"embeddable":true,"href":"http:\/\/www.xn--gurkenknig-kcb.ch\/index.php?rest_route=%2Fwp%2Fv2%2Fcomments&post=74"}],"version-history":[{"count":122,"href":"http:\/\/www.xn--gurkenknig-kcb.ch\/index.php?rest_route=\/wp\/v2\/pages\/74\/revisions"}],"predecessor-version":[{"id":1475,"href":"http:\/\/www.xn--gurkenknig-kcb.ch\/index.php?rest_route=\/wp\/v2\/pages\/74\/revisions\/1475"}],"wp:featuredmedia":[{"embeddable":true,"href":"http:\/\/www.xn--gurkenknig-kcb.ch\/index.php?rest_route=\/wp\/v2\/media\/83"}],"wp:attachment":[{"href":"http:\/\/www.xn--gurkenknig-kcb.ch\/index.php?rest_route=%2Fwp%2Fv2%2Fmedia&parent=74"}],"curies":[{"name":"wp","href":"https:\/\/api.w.org\/{rel}","templated":true}]}}