{"id":41,"date":"2015-02-18T10:21:15","date_gmt":"2015-02-18T10:21:15","guid":{"rendered":"http:\/\/www.xn--gurkenknig-kcb.ch\/?page_id=41"},"modified":"2020-08-11T18:37:48","modified_gmt":"2020-08-11T18:37:48","slug":"einzigartiger-geschmack","status":"publish","type":"page","link":"http:\/\/www.xn--gurkenknig-kcb.ch\/?page_id=41","title":{"rendered":"Einzigartiger Geschmack!"},"content":{"rendered":"<p>&nbsp;<\/p>\n<h3><img loading=\"lazy\" decoding=\"async\" class=\"alignright size-medium wp-image-102\" src=\"http:\/\/www.xn--gurkenknig-kcb.ch\/wp-content\/uploads\/2015\/02\/Photo-Sauerkraut-225x300.jpg\" alt=\"Photo Sauerkraut\" width=\"225\" height=\"300\" srcset=\"http:\/\/www.xn--gurkenknig-kcb.ch\/wp-content\/uploads\/2015\/02\/Photo-Sauerkraut-225x300.jpg 225w, http:\/\/www.xn--gurkenknig-kcb.ch\/wp-content\/uploads\/2015\/02\/Photo-Sauerkraut-768x1024.jpg 768w, http:\/\/www.xn--gurkenknig-kcb.ch\/wp-content\/uploads\/2015\/02\/Photo-Sauerkraut-750x1000.jpg 750w, http:\/\/www.xn--gurkenknig-kcb.ch\/wp-content\/uploads\/2015\/02\/Photo-Sauerkraut.jpg 1932w\" sizes=\"auto, (max-width: 225px) 100vw, 225px\" \/> <strong>&#8222;Wer Sauerkraut und Gurken hat, der wird noch alle Tage satt.&#8220;<\/strong><\/h3>\n<h3>Die meisten unserer<span style=\"color: #333333;\"> <strong>Gurken<\/strong> <\/span>wie auch der<span style=\"color: #333333;\"><strong> Chabissalat<\/strong>\u00a0<\/span>sind\u00a0durch Einlegen in Essig haltbar gemacht. Essig z\u00e4hlt seit 4000 Jahren zu den nat\u00fcrlichen Heilmitteln der Natur.<\/h3>\n<h3><span style=\"text-decoration: underline;\"><span style=\"color: #808000; text-decoration: underline;\">\u00a0<\/span><\/span><\/h3>\n<h3>Die <span style=\"color: #333333;\"><strong>Salz-Dill-Gurke <\/strong><\/span>(saure Gurke) ist wie das <span style=\"color: #333333;\"><strong>Sauerkraut<\/strong> <\/span>probiotisch, d. h. milchsauer vergoren.<\/h3>\n<h3>Die Milchs\u00e4urebakterien sorgen f\u00fcr einen biologischen Ausgleich und konservieren dadurch das Kraut und die Gurke.<\/h3>\n<h3>Uns ist es wichtig, das wir Ihnen helfen, sich gesund zu ern\u00e4hren,\u00a0dass Sie Neues f\u00fcr sich entdecken und testen k\u00f6nnen, ob herzhaft aromatisch, salzig urw\u00fcrzig, oder beides. Wir m\u00f6chten mit unseren Kunden in der Zentralschweiz dieses Geschmackserlebnis teilen, und freuen uns, Sie auf unseren Wochenm\u00e4rkten begr\u00fcssen zu d\u00fcrfen.<\/h3>\n<h3>Noch nicht \u00fcberzeugt? Wir laden Sie gern zu einer Kostprobe auf einen unserer Wochenm\u00e4rkte\u00a0ein, bis demn\u00e4chst ..<\/h3>\n<p>&nbsp;<\/p>\n<h3>Ihre Familie Schuster<\/h3>\n","protected":false},"excerpt":{"rendered":"<p>&nbsp; &#8222;Wer Sauerkraut und Gurken hat, der wird noch alle Tage satt.&#8220; Die meisten unserer Gurken wie auch der Chabissalat\u00a0sind\u00a0durch Einlegen in Essig haltbar gemacht. Essig z\u00e4hlt seit 4000 Jahren zu den nat\u00fcrlichen Heilmitteln der Natur. \u00a0 Die Salz-Dill-Gurke (saure Gurke) ist wie das Sauerkraut probiotisch, d. h. milchsauer vergoren. Die Milchs\u00e4urebakterien sorgen f\u00fcr einen [&hellip;]<\/p>\n","protected":false},"author":1,"featured_media":83,"parent":0,"menu_order":0,"comment_status":"open","ping_status":"open","template":"menu-page.php","meta":{"footnotes":""},"class_list":["post-41","page","type-page","status-publish","has-post-thumbnail","hentry"],"_links":{"self":[{"href":"http:\/\/www.xn--gurkenknig-kcb.ch\/index.php?rest_route=\/wp\/v2\/pages\/41","targetHints":{"allow":["GET"]}}],"collection":[{"href":"http:\/\/www.xn--gurkenknig-kcb.ch\/index.php?rest_route=\/wp\/v2\/pages"}],"about":[{"href":"http:\/\/www.xn--gurkenknig-kcb.ch\/index.php?rest_route=\/wp\/v2\/types\/page"}],"author":[{"embeddable":true,"href":"http:\/\/www.xn--gurkenknig-kcb.ch\/index.php?rest_route=\/wp\/v2\/users\/1"}],"replies":[{"embeddable":true,"href":"http:\/\/www.xn--gurkenknig-kcb.ch\/index.php?rest_route=%2Fwp%2Fv2%2Fcomments&post=41"}],"version-history":[{"count":42,"href":"http:\/\/www.xn--gurkenknig-kcb.ch\/index.php?rest_route=\/wp\/v2\/pages\/41\/revisions"}],"predecessor-version":[{"id":1431,"href":"http:\/\/www.xn--gurkenknig-kcb.ch\/index.php?rest_route=\/wp\/v2\/pages\/41\/revisions\/1431"}],"wp:featuredmedia":[{"embeddable":true,"href":"http:\/\/www.xn--gurkenknig-kcb.ch\/index.php?rest_route=\/wp\/v2\/media\/83"}],"wp:attachment":[{"href":"http:\/\/www.xn--gurkenknig-kcb.ch\/index.php?rest_route=%2Fwp%2Fv2%2Fmedia&parent=41"}],"curies":[{"name":"wp","href":"https:\/\/api.w.org\/{rel}","templated":true}]}}